020
Calculate the remainder when 14093114 is divided by 759.
2
Calculate the remainder when 15739 is divided by 4517.
2188
Calculate the remainder when 2731471 is divided by 13522.
27
What is the remainder when 293107126 is divided by 18?
4
What is the remainder when 5976122 is divided by 117?
113
Calculate the remainder when 562731 is divided by 3630.
81
What is the remainder when 60508 is divided by 5496?
52
What is the remainder when 61801 is divided by 30879?
43
What is the remainder when 1292221 is divided by 430713?
82
Calculate the remainder when 32975679 is divided by 10991885.
24
Calculate the remainder when 383530349 is divided by 294.
293
What is the remainder when 262156209 is divided by 762082?
1
What is the remainder when 102816992 is divided by 11424109?
11
What is the remainder when 958436 is divided by 28?
24
What is the remainder when 717141 is divided by 54?
21
What is the remainder when 98064 is divided by 19019?
2969
What is the remainder when 3570970 is divided by 3570952?
18
Calculate the remainder when 1087115 is divided by 611.
146
What is the remainder when 48009 is divided by 23697?
615
What is the remainder when 16155393 is divided by 72772?
9
What is the remainder when 95134 is divided by 9301?
2124
What is the remainder when 12102 is divided by 233?
219
Calculate the remainder when 286169 is divided by 808.
137
What is the remainder when 36227994 is divided by 9950?
44
Calculate the remainder when 477804 is divided by 29.
0
What is the remainder when 739704 is divided by 246513?
165
What is the remainder when 81950 is divided by 10178?
526
Calculate the remainder when 543460 is divided by 2191.
92
What is the remainder when 1456821 is divided by 80875?
1071
What is the remainder when 254162546 is divided by 13376976?
2
What is the remainder when 18460 is divided by 2819?
1546
What is the remainder when 61981 is divided by 2299?
2207
Calculate the remainder when 60207843 is divided by 1938.
1935
What is the remainder when 348087 is divided by 3407?
573
Calculate the remainder when 124665 is divided by 1233.
132
Calculate the remainder when 138780828 is divided by 32.
28
Calculate the remainder when 667833 is divided by 166889.
277
What is the remainder when 20445797 is divided by 25?
22
Calculate the remainder when 178427 is divided by 22230.
587
What is the remainder when 7102650 is divided by 1817?
1814
What is the remainder when 528111 is divided by 503?
464
What is the remainder when 27090883 is divided by 21066?
7
What is the remainder when 603681 is divided by 217?
204
What is the remainder when 7102127 is divided by 197?
80
Calculate the remainder when 4426587 is divided by 1106635.
47
What is the remainder when 3709212 is divided by 1236341?
189
Calculate the remainder when 1936728 is divided by 593.
583
Calculate the remainder when 199280 is divided by 99609.
62
Calculate the remainder when 395979378 is divided by 3914.
3912
Calculate the remainder when 83354039 is divided by 776.
775
What is the remainder when 3883 is divided by 3874?
9
Calculate the remainder when 20924814 is divided by 22.
20
Calculate the remainder when 218236 is divided by 31171.
39
What is the remainder when 4806535 is divided by 8676?
31
Calculate the remainder when 760552 is divided by 95032.
296
Calculate the remainder when 43471579 is divided by 129.
127
What is the remainder when 2098400 is divided by 371?
24
Calculate the remainder when 53357 is divided by 919.
55
What is the remainder when 1847 is divided by 367?
12
What is the remainder when 240739 is divided by 120106?
527
Calculate the remainder when 8628401 is divided by 5524.
5437
Calculate the remainder when 52642 is divided by 804.
382
What is the remainder when 697130 is divided by 5277?
566
What is the remainder when 14513014 is divided by 1176?
1174
What is the remainder when 305315 is divided by 152126?
1063
Calculate the remainder when 5105795 is divided by 201.
194
Calculate the remainder when 814537 is divided by 330.
97
What is the remainder when 194596 is divided by 64852?
40
Calculate the remainder when 22955 is divided by 1912.
11
Calculate the remainder when 78359607 is divided by 791.
774
What is the remainder when 569525 is divided by 1971?
1877
Calculate the remainder when 452712 is divided by 1077.
372
What is the remainder when 1287329 is divided by 61?
46
Calculate the remainder when 331473055 is divided by 54.
49
What is the remainder when 8728929 is divided by 161?
153
Calculate the remainder when 4684 is divided by 1986.
712
Calculate the remainder when 121640 is divided by 59213.
3214
Calculate the remainder when 995894 is divided by 2481.
1013
What is the remainder when 14842 is divided by 642?
76
Calculate the remainder when 1093749 is divided by 225.
24
What is the remainder when 565980 is divided by 94254?
456
What is the remainder when 1278937 is divided by 3?
1
Calculate the remainder when 354571 is divided by 23.
3
Calculate the remainder when 8958662 is divided by 4435.
4397
Calculate the remainder when 22401 is divided by 4117.
1816
Calculate the remainder when 965335 is divided by 156.
7
Calculate the remainder when 2925929 is divided by 1261.
409
What is the remainder when 18621 is divided by 16403?
2218
What is the remainder when 20720883 is divided by 34825?
8
Calculate the remainder when 116958 is divided by 857.
406
Calculate the remainder when 14532117 is divided by 24.
21
What is the remainder when 77702 is divided by 12898?
314
Calculate the remainder when 5954516 is divided by 350265.
11
Calculate the remainder when 848450 is divided by 87.
26
What is the remainder when 10502943 is divided by 944?
943
Calculate the remainder when 39556247 is divided by 549392.
23
Calculate the remainder when 3061384 is divided by 1436.
1268
Calculate the remainder when 38619679 is divided by 8874.
31
Calculate the remainder when 15732743 is divided by 3933173.
51
What is the remainder when 5136256 is divided by 29?
8
Calculate the remainder when 9001329 is divided by 3217.
163
Calculate the remainder when 98061 is divided by 96724.
1337
What is the remainder when 4062118 is divided by 1354027?
37
What is the remainder when 14218332 is divided by 2951?
414
What is the remainder when 19794906 is divided by 9814?
68
Calculate the remainder when 774238 is divided by 2698.
2610
Calculate the remainder when 94830420 is divided by 109.
93
Calculate the remainder when 11488621 is divided by 883737.
40
What is the remainder when 3239645 is divided by 163?
20
Calculate the remainder when 1844269 is divided by 1915.
124
What is the remainder when 597717 is divided by 169?
133
What is the remainder when 3924735 is divided by 747?
744
Calculate the remainder when 340141 is divided by 289.
277
Calculate the remainder when 8343967 is divided by 1981.
1976
Calculate the remainder when 3523843 is divided by 1761909.
25
Calculate the remainder when 22625510 is divided by 92349.
5
Calculate the remainder when 659883 is divided by 219755.
618
Calculate the remainder when 653050 is divided by 326233.
584
Calculate the remainder when 7233 is divided by 6890.
343
What is the remainder when 27978 is divided by 12802?
2374
What is the remainder when 17912785 is divided by 61?
13
Calculate the remainder when 334597098 is divided by 92.
90
What is the remainder when 682118 is divided by 1129?
202
Calculate the remainder when 7847237 is divided by 66501.
119
Calculate the remainder when 19149243 is divided by 4387.
4375
Calculate the remainder when 142540 is divided by 28498.
50
Calculate the remainder when 99251756 is divided by 741.
734
What is the remainder when 10467139 is divided by 3489044?
7
What is the remainder when 100851942 is divided by 59?
56
What is the remainder when 36842407 is divided by 332?
35
What is the remainder when 1056027 is divided by 43891?
2643
What is the remainder when 117804 is divided by 620?
4
What is the remainder when 1041309 is divided by 57836?
261
Calculate the remainder when 3469717 is divided by 1334.
1317
What is the remainder when 509822 is divided by 93?
89
Calculate the remainder when 4191083 is divided by 598720.
43
What is the remainder when 539282 is divided by 267763?
3756
Calculate the remainder when 53192304 is divided 